of 558 and 366978?
186
Calculate the highest common factor of 1045 and 5885.
55
Calculate the highest common divisor of 163936 and 218.
218
What is the greatest common divisor of 13530 and 16482?
246
Calculate the greatest common divisor of 105 and 21756.
21
Calculate the highest common factor of 40319 and 299.
23
Calculate the greatest common factor of 29 and 12847.
29
Calculate the greatest common divisor of 21352679 and 1907.
1907
Calculate the highest common factor of 3480 and 18000.
120
Calculate the greatest common divisor of 15 and 77685.
15
What is the highest common divisor of 95281 and 453?
151
Calculate the greatest common divisor of 222 and 140341.
37
What is the greatest common factor of 33999 and 21?
21
Calculate the highest common factor of 6862 and 21526.
94
Calculate the highest common divisor of 3604 and 5194.
106
Calculate the highest common factor of 10460 and 95.
5
What is the highest common factor of 8 and 3739416?
8
Calculate the greatest common divisor of 1353455 and 255.
85
What is the greatest common divisor of 2002780 and 390?
130
What is the greatest common divisor of 18 and 11550?
6
What is the greatest common divisor of 1442807 and 17?
17
What is the highest common factor of 330 and 36970?
10
What is the greatest common divisor of 85698 and 16928?
1058
Calculate the highest common factor of 6059 and 332.
83
What is the greatest common factor of 45 and 64860?
15
Calculate the greatest common factor of 42768 and 4374.
486
Calculate the greatest common factor of 300595 and 2765.
395
What is the greatest common factor of 21 and 77217?
21
Calculate the highest common factor of 97 and 8489634.
97
Calculate the highest common factor of 3350 and 4450.
50
Calculate the highest common divisor of 100 and 1920100.
100
Calculate the greatest common factor of 6591 and 299.
13
Calculate the greatest common divisor of 6049 and 667.
23
Calculate the greatest common divisor of 3479 and 2272.
71
Calculate the highest common factor of 110448 and 48.
48
Calculate the greatest common divisor of 431825 and 115.
115
Calculate the greatest common divisor of 24180 and 14625.
195
Calculate the highest common divisor of 568 and 17750.
142
Calculate the greatest common divisor of 273822 and 6486.
282
What is the highest common divisor of 184 and 151570?
46
Calculate the greatest common divisor of 549 and 13115.
61
Calculate the greatest common divisor of 22 and 31002.
2
Calculate the highest common factor of 1615 and 71383.
323
Calculate the greatest common divisor of 1905 and 250.
5
What is the highest common divisor of 546 and 678496?
182
Calculate the highest common divisor of 47545 and 333.
37
What is the greatest common divisor of 2793535 and 205?
205
What is the greatest common factor of 495 and 39303?
99
What is the highest common divisor of 3096 and 131064?
1032
What is the greatest common divisor of 9854 and 141746?
758
Calculate the greatest common divisor of 15174 and 90.
18
What is the highest common factor of 1631 and 18873?
233
Calculate the highest common factor of 5955 and 30.
15
Calculate the highest common divisor of 18732 and 70.
14
What is the highest common divisor of 13 and 5116761?
13
Calculate the highest common divisor of 151 and 29596.
151
What is the highest common factor of 60 and 330570?
30
What is the greatest common factor of 194 and 34726?
194
Calculate the highest common divisor of 4752 and 1221.
33
What is the highest common factor of 4266 and 15879?
237
Calculate the greatest common divisor of 1357 and 40756.
23
Calculate the highest common factor of 82 and 48.
2
Calculate the greatest common factor of 2800 and 38800.
400
What is the highest common divisor of 837 and 2?
1
Calculate the greatest common divisor of 16485 and 3213.
21
What is the highest common factor of 2408 and 357416?
344
Calculate the highest common factor of 12190 and 3680.
230
Calculate the highest common divisor of 47685 and 371076.
867
Calculate the highest common factor of 66052 and 392.
196
What is the highest common divisor of 42 and 1338232?
14
What is the greatest common divisor of 104291 and 110?
11
Calculate the greatest common factor of 4 and 45644.
4
Calculate the highest common factor of 77 and 273.
7
Calculate the greatest common factor of 14763 and 15561.
399
Calculate the greatest common factor of 251130 and 2145.
165
Calculate the highest common factor of 527 and 5610.
17
What is the highest common divisor of 8 and 20655744?
8
What is the greatest common divisor of 5490 and 358497?
549
Calculate the greatest common divisor of 1700 and 668916.
68
Calculate the highest common divisor of 439 and 8.
1
What is the greatest common factor of 188277 and 161103?
1941
What is the highest common factor of 1144 and 416728?
104
What is the highest common factor of 2320 and 1000?
40
Calculate the highest common divisor of 33744 and 708.
12
Calculate the greatest common factor of 126 and 7881.
3
What is the greatest common factor of 15 and 133585?
5
What is the greatest common divisor of 1760 and 2896?
16
What is the greatest common divisor of 16950 and 3150?
150
Calculate the greatest common divisor of 32 and 64936.
8
What is the greatest common factor of 20488 and 130?
26
What is the highest common divisor of 796 and 1309221?
199
What is the highest common divisor of 18 and 207462?
6
Calculate the greatest common factor of 1091566 and 14.
14
What is the highest common factor of 4992265 and 115?
115
What is the highest common divisor of 1000 and 7240?
40
Calculate the highest common divisor of 324541 and 994.
497
Calculate the highest common divisor of 29083 and 1397.
127
Calculate the highest common factor of 756 and 53172.
252
What is the highest common factor of 375 and 159?
3
Calculate the greatest common factor of 47185 and 20.
5
Calculate the highest common divisor of 186 and 14358.
6
Calculate the greatest common factor of 224 and 4364.
4
Calculate the greatest common divisor of 1864534 and 1358.
1358
What is the highest common divisor of 2555 and 64605?
365
What is the greatest common factor of 2409 and 157680?
219
What is the highest common divisor of 2604 and 2436?
84
What is the greatest common divisor of 872 and 35534?
218
Calculate the highest common factor of 3696 and 18.
6
What is the highest common factor of 2009 and 196?
49
What is the greatest common divisor of 801 and 603?
9
Calculate the highest common factor of 1786168 and 696.
232
Calculate the greatest common divisor of 569031 and 95.
19
What is the highest common divisor of 3042 and 2886?
78
Calculate the greatest common divisor of 25 and 748975.
25
What is the highest common factor of 144 and 24208?
16
What is the highest common divisor of 1583062 and 26?
26
Calculate the highest common factor of 44115 and 15045.
255
Calculate the greatest common factor of 1510 and 337787.
151
What is the greatest common factor of 911150 and 200?
50
What is the highest common factor of 1179 and 28034?
131
What is the greatest common divisor of 22484 and 1078?
154
What is the highest common factor of 325 and 21?
1
Calculate the highest common divisor of 62640 and 80.
80
Calculate the highest common divisor of 400 and 245200.
400
What is the highest common divisor of 17332 and 2156?
28
What is the highest common factor of 89649 and 63?
63
What is the highest common factor of 15350 and 310?
10
What is the highest common factor of 29300 and 50?
50
What is the highest common factor of 675 and 9025?
25
What is the greatest common divisor of 429 and 339?
3
Calculate the highest common factor of 3382 and 133.
19
Calculate the highest common factor of 1287 and 9828.
117
What is the highest common divisor of 21829 and 996?
83
What is the greatest common divisor of 1040346 and 522?
522
Calculate the highest common factor of 836409 and 168.
21
Calculate the greatest common factor of 72 and 5844.
12
What is the greatest common divisor of 90 and 226242?
18
Calculate the greatest common factor of 15620 and 21087.
781
Calculate the highest common divisor of 23124 and 7872.
492
What is the highest common divisor of 2056 and 512?
8
What is the greatest common divisor of 616 and 154?
154
Calculate the highest common factor of 1496 and 2167.
11
What is the greatest common factor of 4 and 426974